{"id":6543,"date":"2023-02-20T13:11:42","date_gmt":"2023-02-20T12:11:42","guid":{"rendered":"https:\/\/www.schuetzenverein-marienheide.de\/?page_id=6543"},"modified":"2025-07-29T19:28:48","modified_gmt":"2025-07-29T17:28:48","slug":"uniformboerse","status":"publish","type":"page","link":"https:\/\/www.schuetzenverein-marienheide.de\/index.php\/uniformboerse\/","title":{"rendered":"Uniformb\u00f6rse"},"content":{"rendered":"\n<p>Auf dieser Seite werden wir Euch alle angebotenen Uniformteile bekannt geben. Gern k\u00f6nnt Ihr Euch unter info@schuetzenverein-marienheide.de bei uns melden. Wir stellen dann den jeweiligen Kontakt her und k\u00f6nnen Euch weitere Informationen zu Preisvorstellung etc. geben.<\/p>\n\n\n\n<p>Stand 12\/2023<\/p>\n\n\n\n<figure class=\"wp-block-table\"><table class=\"has-fixed-layout\"><tbody><tr><td class=\"has-text-align-left\" data-align=\"left\">Bestandsliste Uniformb\u00f6rse<\/td><\/tr><tr><td class=\"has-text-align-left\" data-align=\"left\"><strong>H\u00fcte<\/strong><\/td><\/tr><tr><td class=\"has-text-align-left\" data-align=\"left\">Gr\u00f6\u00dfe<\/td><\/tr><tr><td class=\"has-text-align-left\" data-align=\"left\">54<\/td><\/tr><tr><td class=\"has-text-align-left\" data-align=\"left\">56<\/td><\/tr><tr><td class=\"has-text-align-left\" data-align=\"left\">56<\/td><\/tr><tr><td class=\"has-text-align-left\" data-align=\"left\">56<\/td><\/tr><tr><td class=\"has-text-align-left\" data-align=\"left\">56<\/td><\/tr><tr><td class=\"has-text-align-left\" data-align=\"left\">57<\/td><\/tr><tr><td class=\"has-text-align-left\" data-align=\"left\">57<\/td><\/tr><tr><td class=\"has-text-align-left\" data-align=\"left\">60<\/td><\/tr><tr><td class=\"has-text-align-left\" data-align=\"left\"><strong>Uniformjacke<\/strong><\/td><\/tr><tr><td class=\"has-text-align-left\" data-align=\"left\"><strong>Herren<\/strong><\/td><\/tr><tr><td class=\"has-text-align-left\" data-align=\"left\">Gr\u00f6\u00dfe<\/td><\/tr><tr><td class=\"has-text-align-left\" data-align=\"left\">25<\/td><\/tr><tr><td class=\"has-text-align-left\" data-align=\"left\">56<\/td><\/tr><tr><td class=\"has-text-align-left\" data-align=\"left\">56<\/td><\/tr><tr><td class=\"has-text-align-left\" data-align=\"left\"><\/td><\/tr><tr><td class=\"has-text-align-left\" data-align=\"left\"><strong>Damen<\/strong><\/td><\/tr><tr><td class=\"has-text-align-left\" data-align=\"left\">50<\/td><\/tr><tr><td class=\"has-text-align-left\" data-align=\"left\"><strong>Hemd, kurz<\/strong><\/td><\/tr><tr><td class=\"has-text-align-left\" data-align=\"left\">41\/42<\/td><\/tr><tr><td class=\"has-text-align-left\" data-align=\"left\">45\/46<\/td><\/tr><tr><td class=\"has-text-align-left\" data-align=\"left\"><strong>Handschuhe<\/strong><\/td><\/tr><tr><td class=\"has-text-align-left\" data-align=\"left\">Gr. 10<\/td><\/tr><tr><td class=\"has-text-align-left\" data-align=\"left\"><\/td><\/tr><tr><td class=\"has-text-align-left\" data-align=\"left\"><\/td><\/tr><tr><td class=\"has-text-align-left\" data-align=\"left\"><\/td><\/tr><tr><td class=\"has-text-align-left\" data-align=\"left\"><\/td><\/tr><tr><td class=\"has-text-align-left\" data-align=\"left\">Feder<\/td><\/tr><tr><td class=\"has-text-align-left\" data-align=\"left\"><\/td><\/tr><tr><td class=\"has-text-align-left\" data-align=\"left\">Eichenblatt<\/td><\/tr><tr><td class=\"has-text-align-left\" data-align=\"left\"><\/td><\/tr><\/tbody><\/table><\/figure>\n","protected":false},"excerpt":{"rendered":"<p>Auf dieser Seite werden wir Euch alle angebotenen Uniformteile bekannt geben. Gern k\u00f6nnt Ihr Euch unter info@schuetzenverein-marienheide.de bei uns melden. Wir stellen dann den jeweiligen Kontakt her und k\u00f6nnen Euch weitere Informationen zu Preisvorstellung etc. geben. Stand 12\/2023 Bestandsliste Uniformb\u00f6rse H\u00fcte Gr\u00f6\u00dfe 54 56 56 56 56 57 57 60 Uniformjacke Herren Gr\u00f6\u00dfe 25 56 [&hellip;]<\/p>\n","protected":false},"author":3,"featured_media":0,"parent":0,"menu_order":0,"comment_status":"closed","ping_status":"closed","template":"","meta":{"footnotes":""},"class_list":["post-6543","page","type-page","status-publish","hentry"],"_links":{"self":[{"href":"https:\/\/www.schuetzenverein-marienheide.de\/index.php\/wp-json\/wp\/v2\/pages\/6543","targetHints":{"allow":["GET"]}}],"collection":[{"href":"https:\/\/www.schuetzenverein-marienheide.de\/index.php\/wp-json\/wp\/v2\/pages"}],"about":[{"href":"https:\/\/www.schuetzenverein-marienheide.de\/index.php\/wp-json\/wp\/v2\/types\/page"}],"author":[{"embeddable":true,"href":"https:\/\/www.schuetzenverein-marienheide.de\/index.php\/wp-json\/wp\/v2\/users\/3"}],"replies":[{"embeddable":true,"href":"https:\/\/www.schuetzenverein-marienheide.de\/index.php\/wp-json\/wp\/v2\/comments?post=6543"}],"version-history":[{"count":11,"href":"https:\/\/www.schuetzenverein-marienheide.de\/index.php\/wp-json\/wp\/v2\/pages\/6543\/revisions"}],"predecessor-version":[{"id":8509,"href":"https:\/\/www.schuetzenverein-marienheide.de\/index.php\/wp-json\/wp\/v2\/pages\/6543\/revisions\/8509"}],"wp:attachment":[{"href":"https:\/\/www.schuetzenverein-marienheide.de\/index.php\/wp-json\/wp\/v2\/media?parent=6543"}],"curies":[{"name":"wp","href":"https:\/\/api.w.org\/{rel}","templated":true}]}}